9/(-3)*3*(0 - 2)?
1
Suppose 0 = 2*w + 88 - 10. Let d = -28 - w. What is the units digit of d?
1
Suppose -352 + 1600 = 4*b. What is the hundreds digit of b?
3
Let t(g) be the second derivative of g**3/6 + 45*g**2/2 + 9*g. What is the units digit of t(0)?
5
Let u be (-162)/(-6) + 1*2. Suppose 3*a = 2*r + u, -2*a = -4*r - 36 + 6. What is the units digit of a?
7
Let s(i) = -i - 3. Let l be s(-5). Let k be 4/8 + 5/l. Suppose -k*p + 22 = 4*w, p - 14 = -3*w - 0*w. What is the units digit of w?
4
Let z(g) be the first derivative of 1/3*g**3 - g - 3 - 7/4*g**4 + 0*g**2. What is the units digit of z(-1)?
7
Let x be 1/(-2 - -1)*-3. Let w(u) = u**2 - 3*u + 2. Let b be w(2). Suppose -3*r + 15 = -z, 3*r - 27 = -b*z - x*z. What is the units digit of r?
6
Let v be 4 + 1 + 1/(-1). Suppose 2*r - 4 = 0, -q - v = 3*q - 2*r. Suppose -2*l + q*l = -20. What is the units digit of l?
0
What is the units digit of -1 - (-152)/10*(-15)/(-3)?
5
Suppose -2*j + 7*j = 835. What is the tens digit of j?
6
Let o = -1 - -1. Suppose -3*p + 18 = -3*r, 0 = 2*p - r - 12 + 3. Let a = p + o. What is the units digit of a?
3
Suppose 8*s = 4361 - 1489. What is the tens digit of s?
5
Let n(i) be the third derivative of 0 + 0*i - 2*i**2 + 5/2*i**3 - 1/60*i**5 + 11/24*i**4. What is the units digit of n(12)?
3
Let p be -4*(-14)/(-6)*-3. Suppose -o = -3*o + p. Suppose -3*n = -25 - o. What is the tens digit of n?
1
Let y = 591 - 408. What is the tens digit of y?
8
Let o(l) be the second derivative of l**5/20 - 2*l**4/3 - 7*l**3/6 - 5*l**2 + 3*l. What is the units digit of o(9)?
8
Suppose -4*z = -c - 9, -5*z + c + 6 = 5*c. Suppose -6*s + z*s - 4*f = -52, 55 = 4*s + 5*f. Suppose -3*w + 2 = -s. What is the units digit of w?
4
Suppose 5*a = -a + 612. What is the tens digit of a?
0
Let s be -1*(-1)/((-3)/(-9)). What is the units digit of ((-2)/s)/(2/(-9))?
3
Let a(u) = 2*u**3 + 9*u**2 - 5*u - 5. Suppose 2*q + 4 = -6. Let z(h) = -h**3 - 5*h**2 + 2*h + 3. Let l(d) = q*z(d) - 3*a(d). What is the tens digit of l(-4)?
1
Let r(v) be the first derivative of v**2/2 - 4*v - 3. Let o be r(7). Suppose 0 = -4*i - k + 39, -i - o*k + 0*k = -7. What is the tens digit of i?
1
Suppose -3064 - 3524 = -18*y. What is the tens digit of y?
6
Let n be 2/4*0/1. Suppose q = -n*q - 6. What is the tens digit of 9/q*(-64)/6?
1
Suppose -3*h = 3*y - 4*y + 27, 0 = -3*y + 9. Let p = 45 + h. What is the units digit of p?
7
What is the units digit of 1 - 162/(-6 + 4)?
2
Let u = 10 + -25. Suppose 4*f + 2*v + 14 = -3*v, -v - 2 = 0. Let a = f - u. What is the tens digit of a?
1
Let y = 113 + -57. What is the units digit of y?
6
What is the units digit of (-565)/(-9) + 30/135?
3
Let l(j) = j**3 + 13*j**2 - 15*j + 19. What is the tens digit of l(-14)?
3
Suppose -2*s - k = -65, -2*s + 3*s - 4*k = 10. What is the tens digit of s?
3
Suppose -4*k = 5*n + k - 45, n - 5*k + 21 = 0. Suppose -v + n = -3. What is the units digit of v?
7
Let p(r) = -3*r**3 + 2*r**2 - 1. Let q be p(-2). Suppose -5*t + q = -44. What is the tens digit of t?
1
Let h = 2 - -3. Suppose 2*k - 2*v = 14, -h*k = 3*v - v - 49. What is the units digit of k?
9
Suppose 2*b + 5*o + 28 = 0, -2*o = -0*b - 3*b - 23. Let v = b - -21. What is the units digit of v?
2
Let m be (-11)/(-1) + (-10)/5. Suppose -104 = m*h - 13*h. What is the tens digit of h?
2
What is the units digit of (-6)/(126/33 - 4)?
3
Let z be 1/1*(1 - 8). Let o be (-5 - z) + -1 + 1. Suppose -b - 3*g = -4, -2*g + o + 1 = b. What is the units digit of b?
1
Let c(a) = -a**3 - 4*a**2 - 7*a + 21. What is the units digit of c(-7)?
7
Suppose -78 = -3*g + 237. What is the tens digit of g?
0
Suppose -4*z = 3*d + 22, 4*d - 10 = 2*z + 5*d. Let m = z + 6. Suppose 4*j = 5*j - m. What is the units digit of j?
2
Let r be 3/(9/(-6)) + 4. Suppose 39 = 4*i - j, 2*i = 5*i - r*j - 33. What is the units digit of (-3)/(i/(-39)) + 0?
3
Suppose 5*t = -4*c + 100, -c - t = -6*c + 96. Suppose -5*p = -50 - c. What is the tens digit of p?
1
Suppose 21*l = 18*l + 183. What is the tens digit of l?
6
Let h(z) = -z**3 + 7*z**2 + 10*z. Let x be 6 - 1/(2 + -3). Let n be h(x). Suppose -4*g + 9*g - n = 0. What is the units digit of g?
4
Suppose -2*m + m - 14 = 0. Let r = -190 + 292. What is the units digit of (-4)/14 - r/m?
7
Let k(d) be the first derivative of -d**4/4 + 13*d**3/3 + d**2/2 + 3*d + 5. What is the units digit of k(13)?
6
Let x be (0/2)/(2 + 0). Suppose -5*a + 2*y + 30 = -x*y, 5*a = 3*y + 35. What is the units digit of a?
4
Suppose -5*l = 4*r - 39, -3*l - 21 = 6*r - 11*r. Suppose -r*j + j + 25 = 0. Suppose -3*c + 8*c = j. What is the units digit of c?
1
Suppose 6*r = 2*r + 92. Suppose 5*o + r = 2*u, -3*u + 37 = u - o. What is the units digit of u?
9
Let f(o) = o**2 + 7*o + 3. Let w be f(-6). Let g = w + 3. Suppose -2*u = -g*u - 24. What is the units digit of u?
2
Let n(i) = i**3 - 6*i**2 + 5*i. Let h be n(6). Suppose 2*d + 5*v = -31, 2*d + v = -h - 21. What is the units digit of d/(-6) + (-2)/3?
4
Suppose -2*c - 106 = -186. What is the units digit of c?
0
Let c = -18 - -13. Let a = -1 - c. What is the units digit of a?
4
Let h(m) = m**3 + 6*m**2 + m + 1. What is the tens digit of h(-3)?
2
Let c = 15 - 4. Suppose c + 59 = 5*d. What is the units digit of d?
4
Suppose -4*a + 6*a - 66 = 0. What is the tens digit of a?
3
Suppose 4 + 6 = 5*o. What is the units digit of 72/4 + -1*o?
6
Suppose -i + 14 = 5*w - 2*i, 4*w + 5*i = -12. Let r be (-63)/(-5) - w/(-5). Let j = r + -6. What is the units digit of j?
7
What is the units digit of 28/(-2)*(0 - 1)?
4
Let b = 41 - 69. Suppose 4*q = 5*l + 53, -4*l - q = -0*q + 55. Let x = l - b. What is the tens digit of x?
1
Let z = 20 + -9. Suppose -p = -0*p - z. What is the tens digit of p?
1
Let n = 3 + -3. Suppose -y + 5 = -0. Suppose -a = -5*z - n + y, 0 = -2*a. What is the units digit of z?
1
Suppose -3*y - 5 - 1 = 0. Let k(g) = 2*g**2 - g + 2. What is the tens digit of k(y)?
1
Suppose -v = 3*n - 377, 3*n + 3*v - v - 373 = 0. Suppose 2*u = 4*h + 128, -26 = 5*h + u + n. Let w = -13 - h. What is the units digit of w?
8
Suppose -530 = -5*l - 3*m, 3*m + 9 = -6. What is the tens digit of l?
0
Suppose -85 = -5*a + 3*g, -a + 0*g = 3*g - 35. Let q = 38 - a. What is the tens digit of q?
1
Suppose 253 = 4*u - 5*k, u - 4*k - 44 = 33. What is the units digit of u?
7
Let i(w) be the first derivative of -w**4/4 + 3*w**3 + w**2 - 6*w - 2. What is the units digit of i(9)?
2
Let u(s) = -1 - 2*s + 3*s - 5. What is the units digit of u(8)?
2
Suppose -5*o + 10 + 5 = 0. Let x(p) = 14*p**2 + p - 2. Let s be x(2). Suppose 0 = -o*l - 20 + s. What is the units digit of l?
2
Let m = -3 - -2. What is the units digit of (-2)/4*(-37 - m)?
8
Suppose -4*v + 69 - 13 = 0. What is the units digit of v?
4
Suppose 4*n - 5*t = 197, 2*n - 44 = -2*t + 32. What is the units digit of n?
3
Suppose 3 = -0*o + o. Suppose 5*c - 82 = 2*c + 5*u, 0 = o*c + 3*u - 42. What is the units digit of c?
9
Let d(y) = -17*y - 1. Let j be d(1). Let b = 34 + j. What is the tens digit of b?
1
Suppose 0 = -k - 3*k + q - 17, 0 = -5*q + 25. Let p = -1 - k. What is the units digit of p?
2
Let o(b) = b - 11. Let r be o(8). Let q(a) = a**2 - a + 1. What is the units digit of q(r)?
3
Let k(f) = -2*f - 15. Suppose -36 = 4*m - 3*g, 5*m - g + 76 = -5*g. What is the units digit of k(m)?
9
What is the units digit of 1 + 1 + -2 - -129?
9
Suppose 0*p + 3*y + 400 = 5*p, 0 = 2*p - 4*y - 160. Suppose -2*h - 3*h = -p. What is the units digit of h?
6
Let q(v) = -v**2 - 7*v - 2. Let b be q(-6). Let t be (-3)/(-12) + 11/b. Suppose -c + t = -5. What is the units digit of c?
8
Let r = 10 + -14. Let k(l) = -l**2 - 6*l - 5. Let c be k(r). Suppose -c*h + 0*h + 21 = o, 0 = 3*h + 5*o - 21. What is the units digit of h?
7
Let a(r) = 4*r - 2. Let l be a(7). Suppose 5*h = l - 11. Suppose 0 = -3*w + w - 3*q + 39, -5*q + 61 = h*w. What is the units digit of w?
2
Let v(j) = 5*j**3 + 7*j**2 - 2*j - 12. Let w(b) = b**3 + b. Let d(s) = -v(s) + 4*w(s). What is the units digit of d(-8)?
8
Suppose -2*f = -7*f + 65. What is the units digit of f?
3
Let d(x) = -6*x**3 + 2*x**2 + x. Let o be d(-1). Suppose -6*m + o*m - 26 = 0. What is the tens digit of m?
2
Suppose -k + 4*f = 2*k - 47, -4*k - 5*f = -73. Let h be (-2 + 8)/(0 + 2). Suppose h*w - 4*w = -k. What is the units digit of w?
7
Let p = -50 - -85. 